4, what is -231010 - -312330111?
312033101
In base 7, what is 22 - 33041332?
-33041310
In base 15, what is -161 + -94c4?
-9635
In base 4, what is 0 + -2201313033132?
-2201313033132
In base 4, what is -1012110031 + 1201?
-1012102230
In base 5, what is 4040 + 11422112?
11431202
In base 14, what is 64 + -296c?
-2908
In base 15, what is -72a817 - 12?
-72a829
In base 6, what is -5 - 1424223500?
-1424223505
In base 14, what is -134 - -34a3d?
34909
In base 16, what is 99bf9 - -20?
99c19
In base 2, what is 100 - 1001110100100000100101?
-1001110100100000100001
In base 14, what is 366cc9 + -11?
366cb8
In base 2, what is -1 - 1010001111101110100101110?
-1010001111101110100101111
In base 10, what is 4 + 110363118?
110363122
In base 13, what is 90 + -55c5?
-5535
In base 5, what is 13141 + -101234?
-33043
In base 2, what is 10101101110011010111 - -111?
10101101110011011110
In base 6, what is 1353 + -2222214?
-2220421
In base 6, what is -10 - -52254211?
52254201
In base 3, what is 1222220001012 + -2?
1222220001010
In base 8, what is -4 + 36414755?
36414751
In base 11, what is -2188 - -17214?
15037
In base 7, what is -20343 - 251026?
-301402
In base 8, what is -73653377 - 1?
-73653400
In base 5, what is 4 + -1334110142?
-1334110133
In base 13, what is -b2ba4 + -bc?
-b2c93
In base 6, what is -23 - 53004425?
-53004452
In base 5, what is 10 - -4111124400?
4111124410
In base 2, what is -11010001011001010001100 + 10010?
-11010001011001001111010
In base 2, what is -100100000000 + 1011101010111101?
1011000110111101
In base 8, what is -3237343 - -5?
-3237336
In base 9, what is 1004 - 556801?
-555786
In base 15, what is 2 - 26674a?
-266748
In base 8, what is 13114 + 3725?
17041
In base 15, what is 5 - -1067c94?
1067c99
In base 6, what is 12212333 + 411?
12213144
In base 9, what is 18741702 - 1?
18741701
In base 3, what is -10 + 211001112120?
211001112110
In base 4, what is 10202120111110 + 1?
10202120111111
In base 3, what is -10 + 100022211221000?
100022211220220
In base 9, what is 3781874 + -10?
3781864
In base 16, what is -9b9950 - -1?
-9b994f
In base 6, what is 42403 - 241315?
-154512
In base 8, what is 40056 - 3042?
35014
In base 16, what is 10 + 5c04?
5c14
In base 4, what is -110312 - -10330230?
10213312
In base 16, what is 84923a2 + -3?
849239f
In base 10, what is -7437 + 1081?
-6356
In base 12, what is 7379a687 - 3?
7379a684
In base 10, what is -1262 + -40640?
-41902
In base 11, what is -a24a2 + -338?
-a282a
In base 13, what is 3 - a5cbb5?
-a5cbb2
In base 10, what is -109711 + -1683?
-111394
In base 16, what is 2594c6 - -6?
2594cc
In base 15, what is -1b5ab11 + -39?
-1b5ab4a
In base 6, what is -1113 + -540023?
-541140
In base 6, what is -153205504 + 23?
-153205441
In base 11, what is -1567 - -1929?
372
In base 3, what is 110120122110022 + -2?
110120122110020
In base 9, what is 1841828 + 10?
1841838
In base 15, what is 14c5 + -44cc5?
-43800
In base 16, what is 13b3 + -26a?
1149
In base 4, what is 22123 - -2211310?
2300033
In base 9, what is 477116 + -43?
477063
In base 7, what is -3226 - -1530656?
1524430
In base 9, what is 283348 + 114?
283463
In base 10, what is 2366711 - 10?
2366701
In base 6, what is 44 + 35512515?
35513003
In base 8, what is 20351417 - 5?
20351412
In base 4, what is 22123313310 - -130?
22123320100
In base 2, what is -110 + -100010111101001110111?
-100010111101001111101
In base 4, what is -20 - -100221011220?
100221011200
In base 6, what is -4 - 435135015?
-435135023
In base 10, what is -215104 - 690?
-215794
In base 13, what is -49078b4 - -15?
-490789c
In base 15, what is -18a - -38b9d?
38a13
In base 13, what is b0a - -ac3?
1900
In base 7, what is -3634442 + -4?
-3634446
In base 16, what is 3 - 77576?
-77573
In base 14, what is 226a3d - 78?
2269a5
In base 6, what is 2 - 25121031?
-25121025
In base 5, what is -11243 - -1110443?
1044200
In base 15, what is -dddc11e + -4?
-dddc123
In base 15, what is -7d024 + -7?
-7d02b
In base 3, what is 12112 + -12112001221?
-12111212102
In base 14, what is 1598ac - 51b?
159391
In base 5, what is -12424 + 3211223?
3143244
In base 4, what is 3 - 2000330033?
-2000330030
In base 3, what is 210022010 + -10210?
210011100
In base 5, what is 10 + -2033323200?
-2033323140
In base 13, what is 14a054 - -5?
14a059
In base 8, what is -34617102 - -47?
-34617033
In base 15, what is 1561e - 36?
155d8
In base 4, what is -2201 + -120303010?
-120311211
In base 7, what is 25 - 22242126?
-22242101
In base 8, what is -3047363307 + 1?
-3047363306
In base 12, what is 4893 - -9751?
12424
In base 5, what is -2110 + -343?
-3003
In base 16, what is 639680 - 3?
63967d
In base 8, what is -4 + -120041027?
-120041033
In base 9, what is 3 - -121364624?
121364627
In base 3, what is -21212022112 + -1211?
-21212101100
In base 5, what is 1004201223 - 44?
1004201124
In base 7, what is -1222 + 1106514?
1105262
In base 15, what is -b71e + 38d0?
-7d3e
In base 6, what is 10552 - 154342?
-143350
In base 11, what is 1951 + 2034?
3985
In base 9, what is 25270054 - -1?
25270055
In base 10, what is -2512 - -1436?
-1076
In base 8, what is 1372000 + -1624?
1370154
In base 4, what is 13013 + -102223203?
-102210130
In base 8, what is 61 - -114374?
114455
In base 10, what is 1164 + -117?
1047
In base 11, what is 82422120 - 5?
82422116
In base 7, what is 102156 - -44?
102233
In base 14, what is -32 + -3b118?
-3b14a
In base 14, what is -2bbc104 + -3?
-2bbc107
In base 13, what is 73c - 68b29?
-683ba
In base 2, what is -10111 - 10101110000110000?
-10101110001000111
In base 3, what is -112211002 - -110211122?
-1222110
In base 11, what is 21a + -33655?
-33436
In base 2, what is 100100100000101000 + 1010010000011?
100101110010101011
In base 15, what is -5 - b782?
-b787
In base 8, what is -3624573 + -72?
-3624665
In base 8, what is 12473353 - -4?
12473357
In base 14, what is 5 + -4ddb92?
-4ddb8b
In base 9, what is -152 + -6760630?
-6760782
In base 6, what is -205444120 - 11?
-205444131
In base 2, what is 1011111101011101000 + -10000000001?
1011111011011100111
In base 15, what is -439c6c + -2c?
-439c99
In base 11, what is 0 - -1418148?
1418148
In base 16, what is 17 + -25f12a?
-25f113
In base 11, what is -1924 + 151a02?
150089
In base 9, what is 1451453 - 33?
1451420
In base 6, what is -30435 + 5504?
-20531
In base 16, what is -238 - 11199?
-113d1
In base 4, what is -22203 - -12002033?
11313230
In base 10, what is -1587596 + 50?
-1587546
In base 15, what is -16de6 - 83?
-16e79
In base 8, what is 11237647 + -2?
11237645
In base 3, what is -1200122112 + -10111?
-1200210000
In base 16, what is -16d29dc - 1?
-16d29dd
In base 14, what is 17d86 - -445?
183cb
In base 12, what is -33ab2a + 133?
-33a9b7
In base 2, what is -10 - 1000001110111000110111100000?
-1000001110111000110111100010
In base 7, what is -4 + -6141205042?
-6141205046
In base 15, what is 3c5c4 + -11dc?
3b3d7
In base 6, what is 150303341103 - 0?
150303341103
In base 6, what is 3 + 3420430405?
3420430412
In base 8, what is -7362 - -13245?
3663
In base 16, what is -616b8 - 170?
-61828
In base 12, what is 31 + 2590b6?
259127
In base 8, what is -16 - 135344?
-135362
In base 9, what is 13 - 1308287?
-1308274
In base 15, what is 7c36a82 - 3?
7c36a7e
In base 9, what is 2178 - 2341?
-152
In base 12, what is 5 - 3610b28?
-3610b23
In base 15, what is -5a07c + -351?
-5a3cd
In base 5, what is -1 - -130114022?
130114021
In base 9, what is 1554553 - 1?
1554552
In base 4, what is 132110003 - -200?
132110203
In base 2, what is 1000 - 1010101101110101110101?
-1010101101110101101101
In base 16, what is -12503 + 9?
-124fa
In base 10, what is -15 + 926852?
926837
In base 2, what is -110001100011 + 10101011010101?
1111001110010
In base 15, what is 18ee89 + e?
18ee98
In base 2, what is 1011000 + 1101001111010101111?
1101001111100000111
In base 16, what is -1c89 - 682?
-230b
In base 4, what is -3 - -321311330230?
321311330221
In base 10, what is 1187 + -4736?
-3549
In base 11, what is 1038428 - 2?
1038426
In base 5, what is 1444 - -21321?
23320
In base 3, what is 101000220 - -20122222?
121200212
In base 8, what is -15322531 - -2?
-15322527
In base 4, what is 3221200 + -31020200?
-21133000
In base 15, what is -192989a - -1?
-1929899
In base 16, what is -c9 + -7738e?
-77457
In base 12, what is 1 + -159b294?
-159b293
In base 9, w